{"id":1996,"date":"2020-12-30T22:56:26","date_gmt":"2020-12-30T22:56:26","guid":{"rendered":"http:\/\/antoniamarques.pt\/blog\/colibri-wp\/"},"modified":"2024-05-15T23:46:46","modified_gmt":"2024-05-15T23:46:46","slug":"colibri-wp","status":"publish","type":"page","link":"https:\/\/antoniamarques.pt\/blog\/colibri-wp\/","title":{"rendered":"movimentos, do avesso"},"content":{"rendered":"\n<p>a intensidade sensorial dita a cad\u00eancia das imagens e a sonoridade de cada movimento. <br>as pel\u00edculas, urdidas com detalhe, traduzem os lugares e as pessoas que habitam o pensamento.<br><\/p>\n\n\n\n<h3 class=\"wp-block-heading\">Fogo<\/h3>\n\n\n\n<p><\/p>\n\n\n\n<h4 class=\"wp-block-heading\">noite pendular <\/h4>\n\n\n\n<figure class=\"wp-block-embed-youtube aligncenter wp-block-embed is-type-video is-provider-youtube wp-embed-aspect-16-9 wp-has-aspect-ratio\"><div class=\"wp-block-embed__wrapper\">\n<iframe loading=\"lazy\" title=\"noite pendular\" width=\"640\" height=\"360\" src=\"https:\/\/www.youtube.com\/embed\/vO43UONTZDY?feature=oembed\" frameborder=\"0\" allow=\"accelerometer; autoplay; clipboard-write; encrypted-media; gyroscope; picture-in-picture; web-share\" referrerpolicy=\"strict-origin-when-cross-origin\" allowfullscreen><\/iframe>\n<\/div><figcaption>do tempo cumulado entre uma e outra ebuli\u00e7\u00e3o<br><\/figcaption><\/figure>\n\n\n\n<h4 class=\"wp-block-heading\">lava<\/h4>\n\n\n\n<figure class=\"wp-block-embed-youtube aligncenter wp-block-embed is-type-video is-provider-youtube wp-embed-aspect-16-9 wp-has-aspect-ratio\"><div class=\"wp-block-embed__wrapper\">\n<iframe loading=\"lazy\" title=\"lava\" width=\"640\" height=\"360\" src=\"https:\/\/www.youtube.com\/embed\/pAmUdI0T0dQ?feature=oembed\" frameborder=\"0\" allow=\"accelerometer; autoplay; clipboard-write; encrypted-media; gyroscope; picture-in-picture; web-share\" referrerpolicy=\"strict-origin-when-cross-origin\" allowfullscreen><\/iframe>\n<\/div><figcaption>lava de habitar<\/figcaption><\/figure>\n\n\n\n<h4 class=\"wp-block-heading\">fogo<\/h4>\n\n\n\n<figure class=\"wp-block-embed-youtube aligncenter wp-block-embed is-type-video is-provider-youtube wp-embed-aspect-16-9 wp-has-aspect-ratio\"><div class=\"wp-block-embed__wrapper\">\n<iframe loading=\"lazy\" title=\"fogo\" width=\"640\" height=\"360\" src=\"https:\/\/www.youtube.com\/embed\/FIYHc_zOlGs?feature=oembed\" frameborder=\"0\" allow=\"accelerometer; autoplay; clipboard-write; encrypted-media; gyroscope; picture-in-picture; web-share\" referrerpolicy=\"strict-origin-when-cross-origin\" allowfullscreen><\/iframe>\n<\/div><figcaption>erup\u00e7\u00f5es gr\u00e1ficas, d&#8217;apr\u00e8s Ch\u00e3 das Caldeiras<\/figcaption><\/figure>\n\n\n\n<h4 class=\"wp-block-heading\">ferro e fogo<\/h4>\n\n\n\n<figure class=\"wp-block-embed-youtube aligncenter wp-block-embed is-type-video is-provider-youtube wp-embed-aspect-16-9 wp-has-aspect-ratio\"><div class=\"wp-block-embed__wrapper\">\n<iframe loading=\"lazy\" title=\"ferro e fogo\" width=\"640\" height=\"360\" src=\"https:\/\/www.youtube.com\/embed\/tZad1t0R3JY?feature=oembed\" frameborder=\"0\" allow=\"accelerometer; autoplay; clipboard-write; encrypted-media; gyroscope; picture-in-picture; web-share\" referrerpolicy=\"strict-origin-when-cross-origin\" allowfullscreen><\/iframe>\n<\/div><figcaption> do ferro e fogo vertido sobre Ch\u00e3 das Caldeiras<\/figcaption><\/figure>\n\n\n\n<h3 class=\"wp-block-heading\">Mar<\/h3>\n\n\n\n<p><\/p>\n\n\n\n<h4 class=\"wp-block-heading\">mar.\u00e9s<\/h4>\n\n\n\n<figure class=\"wp-block-embed-youtube aligncenter wp-block-embed is-type-video is-provider-youtube wp-embed-aspect-16-9 wp-has-aspect-ratio\"><div class=\"wp-block-embed__wrapper\">\n<iframe loading=\"lazy\" title=\"pela torrente\" width=\"640\" height=\"360\" src=\"https:\/\/www.youtube.com\/embed\/YOBHyBx5T6g?feature=oembed\" frameborder=\"0\" allow=\"accelerometer; autoplay; clipboard-write; encrypted-media; gyroscope; picture-in-picture; web-share\" referrerpolicy=\"strict-origin-when-cross-origin\" allowfullscreen><\/iframe>\n<\/div><figcaption> \u00e9 a partir do leito que melhor se observam as margens, <br>por isso gosto de vaguear pela torrente e apreciar a ventura dos momentos fortuitos!<br><\/figcaption><\/figure>\n\n\n\n<h4 class=\"wp-block-heading\">bote<\/h4>\n\n\n\n<figure class=\"wp-block-embed-youtube aligncenter wp-block-embed is-type-video is-provider-youtube wp-embed-aspect-16-9 wp-has-aspect-ratio\"><div class=\"wp-block-embed__wrapper\">\n<iframe loading=\"lazy\" title=\"Bote\" width=\"640\" height=\"360\" src=\"https:\/\/www.youtube.com\/embed\/xD4XX6aPhr8?feature=oembed\" frameborder=\"0\" allow=\"accelerometer; autoplay; clipboard-write; encrypted-media; gyroscope; picture-in-picture; web-share\" referrerpolicy=\"strict-origin-when-cross-origin\" allowfullscreen><\/iframe>\n<\/div><figcaption>Embar.can\u00e7\u00e3o no mar de Salamansa<\/figcaption><\/figure>\n\n\n\n<h4 class=\"wp-block-heading\">mar de permeio<\/h4>\n\n\n\n<figure class=\"wp-block-embed-youtube aligncenter wp-block-embed is-type-video is-provider-youtube wp-embed-aspect-16-9 wp-has-aspect-ratio\"><div class=\"wp-block-embed__wrapper\">\n<iframe loading=\"lazy\" title=\"MAR DE PERMEIO\" width=\"640\" height=\"360\" src=\"https:\/\/www.youtube.com\/embed\/dAF03B1E7gE?feature=oembed\" frameborder=\"0\" allow=\"accelerometer; autoplay; clipboard-write; encrypted-media; gyroscope; picture-in-picture; web-share\" referrerpolicy=\"strict-origin-when-cross-origin\" allowfullscreen><\/iframe>\n<\/div><figcaption>Paisagens Laboriosas  <br>entre Pa\u00fal e Mindelo <\/figcaption><\/figure>\n\n\n\n<h3 class=\"wp-block-heading\">Terra <\/h3>\n\n\n\n<h4 class=\"wp-block-heading\">fincar os p\u00e9s no (m)ar de Salamansa<\/h4>\n\n\n\n<figure class=\"wp-block-embed-youtube aligncenter wp-block-embed is-type-video is-provider-youtube wp-embed-aspect-16-9 wp-has-aspect-ratio\"><div class=\"wp-block-embed__wrapper\">\n<iframe loading=\"lazy\" title=\"fincar os p\u00e9s no (m)ar de Salamansa\" width=\"640\" height=\"360\" src=\"https:\/\/www.youtube.com\/embed\/WlRfLo9Ol4w?feature=oembed\" frameborder=\"0\" allow=\"accelerometer; autoplay; clipboard-write; encrypted-media; gyroscope; picture-in-picture; web-share\" referrerpolicy=\"strict-origin-when-cross-origin\" allowfullscreen><\/iframe>\n<\/div><figcaption> \u00e9 a partir do leito que melhor se observam as margens<\/figcaption><\/figure>\n\n\n\n<h4 class=\"wp-block-heading\">tempo de minguarda<\/h4>\n\n\n\n<figure class=\"wp-block-embed-youtube aligncenter wp-block-embed is-type-video is-provider-youtube wp-embed-aspect-16-9 wp-has-aspect-ratio\"><div class=\"wp-block-embed__wrapper\">\n<iframe loading=\"lazy\" title=\"Mad World\" width=\"640\" height=\"360\" src=\"https:\/\/www.youtube.com\/embed\/2TAdmcrAJX0?feature=oembed\" frameborder=\"0\" allow=\"accelerometer; autoplay; clipboard-write; encrypted-media; gyroscope; picture-in-picture; web-share\" referrerpolicy=\"strict-origin-when-cross-origin\" allowfullscreen><\/iframe>\n<\/div><figcaption>tempo de minguarda &#8211; do crioulo cabo-verdiano &#8211; a hora em que o sol est\u00e1 a pino. <br>mem\u00f3rias inquietas de uma aula perto do mar, sob a hora de minguarda.<\/figcaption><\/figure>\n","protected":false},"excerpt":{"rendered":"<p>a intensidade sensorial dita a cad\u00eancia das imagens e a sonoridade de cada movimento. as pel\u00edculas, urdidas com detalhe, traduzem os lugares e as pessoas que habitam o pensamento. Fogo noite pendular lava fogo ferro e fogo Mar mar.\u00e9s bote mar de permeio Terra fincar os p\u00e9s no (m)ar de Salamansa tempo de minguarda<\/p>\n","protected":false},"author":2,"featured_media":0,"parent":0,"menu_order":0,"comment_status":"closed","ping_status":"closed","template":"","meta":{"footnotes":""},"class_list":["post-1996","page","type-page","status-publish","hentry"],"_links":{"self":[{"href":"https:\/\/antoniamarques.pt\/blog\/wp-json\/wp\/v2\/pages\/1996","targetHints":{"allow":["GET"]}}],"collection":[{"href":"https:\/\/antoniamarques.pt\/blog\/wp-json\/wp\/v2\/pages"}],"about":[{"href":"https:\/\/antoniamarques.pt\/blog\/wp-json\/wp\/v2\/types\/page"}],"author":[{"embeddable":true,"href":"https:\/\/antoniamarques.pt\/blog\/wp-json\/wp\/v2\/users\/2"}],"replies":[{"embeddable":true,"href":"https:\/\/antoniamarques.pt\/blog\/wp-json\/wp\/v2\/comments?post=1996"}],"version-history":[{"count":14,"href":"https:\/\/antoniamarques.pt\/blog\/wp-json\/wp\/v2\/pages\/1996\/revisions"}],"predecessor-version":[{"id":2455,"href":"https:\/\/antoniamarques.pt\/blog\/wp-json\/wp\/v2\/pages\/1996\/revisions\/2455"}],"wp:attachment":[{"href":"https:\/\/antoniamarques.pt\/blog\/wp-json\/wp\/v2\/media?parent=1996"}],"curies":[{"name":"wp","href":"https:\/\/api.w.org\/{rel}","templated":true}]}}

<p>a intensidade sensorial dita a cadência das imagens e a sonoridade de cada movimento. <br>as películas, urdidas com detalhe, traduzem os lugares e as pessoas que habitam o pensamento.<br></p>



<h3 class="wp-block-heading">Fogo</h3>



<p></p>



<h4 class="wp-block-heading">noite pendular </h4>



<figure class="wp-block-embed-youtube aligncenter wp-block-embed is-type-video is-provider-youtube wp-embed-aspect-16-9 wp-has-aspect-ratio"><div class="wp-block-embed__wrapper">
<iframe loading="lazy" title="noite pendular" width="640" height="360" src="https://www.youtube.com/embed/vO43UONTZDY?feature=oembed" frameborder="0" allow="accelerometer; autoplay; clipboard-write; encrypted-media; gyroscope; picture-in-picture; web-share" referrerpolicy="strict-origin-when-cross-origin" allowfullscreen></iframe>
</div><figcaption>do tempo cumulado entre uma e outra ebulição<br></figcaption></figure>



<h4 class="wp-block-heading">lava</h4>



<figure class="wp-block-embed-youtube aligncenter wp-block-embed is-type-video is-provider-youtube wp-embed-aspect-16-9 wp-has-aspect-ratio"><div class="wp-block-embed__wrapper">
<iframe loading="lazy" title="lava" width="640" height="360" src="https://www.youtube.com/embed/pAmUdI0T0dQ?feature=oembed" frameborder="0" allow="accelerometer; autoplay; clipboard-write; encrypted-media; gyroscope; picture-in-picture; web-share" referrerpolicy="strict-origin-when-cross-origin" allowfullscreen></iframe>
</div><figcaption>lava de habitar</figcaption></figure>



<h4 class="wp-block-heading">fogo</h4>



<figure class="wp-block-embed-youtube aligncenter wp-block-embed is-type-video is-provider-youtube wp-embed-aspect-16-9 wp-has-aspect-ratio"><div class="wp-block-embed__wrapper">
<iframe loading="lazy" title="fogo" width="640" height="360" src="https://www.youtube.com/embed/FIYHc_zOlGs?feature=oembed" frameborder="0" allow="accelerometer; autoplay; clipboard-write; encrypted-media; gyroscope; picture-in-picture; web-share" referrerpolicy="strict-origin-when-cross-origin" allowfullscreen></iframe>
</div><figcaption>erupções gráficas, d&#8217;après Chã das Caldeiras</figcaption></figure>



<h4 class="wp-block-heading">ferro e fogo</h4>



<figure class="wp-block-embed-youtube aligncenter wp-block-embed is-type-video is-provider-youtube wp-embed-aspect-16-9 wp-has-aspect-ratio"><div class="wp-block-embed__wrapper">
<iframe loading="lazy" title="ferro e fogo" width="640" height="360" src="https://www.youtube.com/embed/tZad1t0R3JY?feature=oembed" frameborder="0" allow="accelerometer; autoplay; clipboard-write; encrypted-media; gyroscope; picture-in-picture; web-share" referrerpolicy="strict-origin-when-cross-origin" allowfullscreen></iframe>
</div><figcaption> do ferro e fogo vertido sobre Chã das Caldeiras</figcaption></figure>



<h3 class="wp-block-heading">Mar</h3>



<p></p>



<h4 class="wp-block-heading">mar.és</h4>



<figure class="wp-block-embed-youtube aligncenter wp-block-embed is-type-video is-provider-youtube wp-embed-aspect-16-9 wp-has-aspect-ratio"><div class="wp-block-embed__wrapper">
<iframe loading="lazy" title="pela torrente" width="640" height="360" src="https://www.youtube.com/embed/YOBHyBx5T6g?feature=oembed" frameborder="0" allow="accelerometer; autoplay; clipboard-write; encrypted-media; gyroscope; picture-in-picture; web-share" referrerpolicy="strict-origin-when-cross-origin" allowfullscreen></iframe>
</div><figcaption> é a partir do leito que melhor se observam as margens, <br>por isso gosto de vaguear pela torrente e apreciar a ventura dos momentos fortuitos!<br></figcaption></figure>



<h4 class="wp-block-heading">bote</h4>



<figure class="wp-block-embed-youtube aligncenter wp-block-embed is-type-video is-provider-youtube wp-embed-aspect-16-9 wp-has-aspect-ratio"><div class="wp-block-embed__wrapper">
<iframe loading="lazy" title="Bote" width="640" height="360" src="https://www.youtube.com/embed/xD4XX6aPhr8?feature=oembed" frameborder="0" allow="accelerometer; autoplay; clipboard-write; encrypted-media; gyroscope; picture-in-picture; web-share" referrerpolicy="strict-origin-when-cross-origin" allowfullscreen></iframe>
</div><figcaption>Embar.canção no mar de Salamansa</figcaption></figure>



<h4 class="wp-block-heading">mar de permeio</h4>



<figure class="wp-block-embed-youtube aligncenter wp-block-embed is-type-video is-provider-youtube wp-embed-aspect-16-9 wp-has-aspect-ratio"><div class="wp-block-embed__wrapper">
<iframe loading="lazy" title="MAR DE PERMEIO" width="640" height="360" src="https://www.youtube.com/embed/dAF03B1E7gE?feature=oembed" frameborder="0" allow="accelerometer; autoplay; clipboard-write; encrypted-media; gyroscope; picture-in-picture; web-share" referrerpolicy="strict-origin-when-cross-origin" allowfullscreen></iframe>
</div><figcaption>Paisagens Laboriosas  <br>entre Paúl e Mindelo </figcaption></figure>



<h3 class="wp-block-heading">Terra </h3>



<h4 class="wp-block-heading">fincar os pés no (m)ar de Salamansa</h4>



<figure class="wp-block-embed-youtube aligncenter wp-block-embed is-type-video is-provider-youtube wp-embed-aspect-16-9 wp-has-aspect-ratio"><div class="wp-block-embed__wrapper">
<iframe loading="lazy" title="fincar os pés no (m)ar de Salamansa" width="640" height="360" src="https://www.youtube.com/embed/WlRfLo9Ol4w?feature=oembed" frameborder="0" allow="accelerometer; autoplay; clipboard-write; encrypted-media; gyroscope; picture-in-picture; web-share" referrerpolicy="strict-origin-when-cross-origin" allowfullscreen></iframe>
</div><figcaption> é a partir do leito que melhor se observam as margens</figcaption></figure>



<h4 class="wp-block-heading">tempo de minguarda</h4>



<figure class="wp-block-embed-youtube aligncenter wp-block-embed is-type-video is-provider-youtube wp-embed-aspect-16-9 wp-has-aspect-ratio"><div class="wp-block-embed__wrapper">
<iframe loading="lazy" title="Mad World" width="640" height="360" src="https://www.youtube.com/embed/2TAdmcrAJX0?feature=oembed" frameborder="0" allow="accelerometer; autoplay; clipboard-write; encrypted-media; gyroscope; picture-in-picture; web-share" referrerpolicy="strict-origin-when-cross-origin" allowfullscreen></iframe>
</div><figcaption>tempo de minguarda &#8211; do crioulo cabo-verdiano &#8211; a hora em que o sol está a pino. <br>memórias inquietas de uma aula perto do mar, sob a hora de minguarda.</figcaption></figure>

<p>a intensidade sensorial dita a cadência das imagens e a sonoridade de cada movimento. as películas, urdidas com detalhe, traduzem os lugares e as pessoas que habitam o pensamento. Fogo noite pendular lava fogo ferro e fogo Mar mar.és bote mar de permeio Terra fincar os pés no (m)ar de Salamansa tempo de minguarda</p>
